{"id":790,"date":"2021-01-30T20:10:53","date_gmt":"2021-01-30T19:10:53","guid":{"rendered":"http:\/\/valinor.eu\/domains\/valinor.eu\/?page_id=790"},"modified":"2021-02-08T20:32:19","modified_gmt":"2021-02-08T19:32:19","slug":"elementor-790","status":"publish","type":"page","link":"https:\/\/valinor.eu\/?page_id=790","title":{"rendered":"aplika\u010dn\u00ed a informa\u010dn\u00ed syst\u00e9my pik"},"content":{"rendered":"\t\t<div data-elementor-type=\"wp-page\" data-elementor-id=\"790\" class=\"elementor elementor-790\" data-elementor-settings=\"[]\">\n\t\t\t\t\t\t<div class=\"elementor-inner\">\n\t\t\t\t\t\t\t<div class=\"elementor-section-wrap\">\n\t\t\t\t\t\t\t<section class=\"elementor-section elementor-top-section elementor-element elementor-element-7da55f44 elementor-section-full_width elementor-section-height-min-height elementor-section-items-stretch elementor-section-height-default\" data-id=\"7da55f44\" data-element_type=\"section\" data-settings=\"{&quot;background_background&quot;:&quot;classic&quot;,&quot;background_motion_fx_motion_fx_mouse&quot;:&quot;yes&quot;,&quot;background_motion_fx_mouseTrack_effect&quot;:&quot;yes&quot;,&quot;sticky&quot;:&quot;top&quot;,&quot;background_motion_fx_mouseTrack_speed&quot;:{&quot;unit&quot;:&quot;px&quot;,&quot;size&quot;:1,&quot;sizes&quot;:[]},&quot;sticky_on&quot;:[&quot;desktop&quot;,&quot;tablet&quot;,&quot;mobile&quot;],&quot;sticky_offset&quot;:0,&quot;sticky_effects_offset&quot;:0}\">\n\t\t\t\t\t\t<div class=\"elementor-container elementor-column-gap-wider\">\n\t\t\t\t\t\t\t<div class=\"elementor-row\">\n\t\t\t\t\t<div class=\"elementor-column elementor-col-50 elementor-top-column elementor-element elementor-element-1505b468 elementor-hidden-phone\" data-id=\"1505b468\" data-element_type=\"column\">\n\t\t\t<div class=\"elementor-column-wrap elementor-element-populated\">\n\t\t\t\t\t\t\t<div class=\"elementor-widget-wrap\">\n\t\t\t\t\t\t<div class=\"elementor-element elementor-element-58c663b2 elementor-widget elementor-widget-image\" data-id=\"58c663b2\" data-element_type=\"widget\" data-widget_type=\"image.default\">\n\t\t\t\t<div class=\"elementor-widget-container\">\n\t\t\t\t\t<div class=\"elementor-image\">\n\t\t\t\t\t\t\t\t\t\t\t<a href=\"http:\/\/valinor.eu\/domains\/valinor.eu\/\">\n\t\t\t\t\t\t\t<img loading=\"lazy\" decoding=\"async\" width=\"300\" height=\"63\" src=\"https:\/\/valinor.eu\/wp-content\/uploads\/2021\/01\/elfo_valinor_hlavicka-300x63.png\" class=\"attachment-medium size-medium\" alt=\"\" srcset=\"https:\/\/valinor.eu\/wp-content\/uploads\/2021\/01\/elfo_valinor_hlavicka-300x63.png 300w, https:\/\/valinor.eu\/wp-content\/uploads\/2021\/01\/elfo_valinor_hlavicka-1024x215.png 1024w, https:\/\/valinor.eu\/wp-content\/uploads\/2021\/01\/elfo_valinor_hlavicka-768x161.png 768w, https:\/\/valinor.eu\/wp-content\/uploads\/2021\/01\/elfo_valinor_hlavicka.png 1178w\" sizes=\"auto, (max-width: 300px) 100vw, 300px\" \/>\t\t\t\t\t\t\t\t<\/a>\n\t\t\t\t\t\t\t\t\t\t\t<\/div>\n\t\t\t\t<\/div>\n\t\t\t\t<\/div>\n\t\t\t\t\t\t<\/div>\n\t\t\t\t\t<\/div>\n\t\t<\/div>\n\t\t\t\t<div class=\"elementor-column elementor-col-50 elementor-top-column elementor-element elementor-element-46b60bf4\" data-id=\"46b60bf4\" data-element_type=\"column\">\n\t\t\t<div class=\"elementor-column-wrap elementor-element-populated\">\n\t\t\t\t\t\t\t<div class=\"elementor-widget-wrap\">\n\t\t\t\t\t\t<div class=\"elementor-element elementor-element-4d2e7cc2 elementor-nav-menu__align-right elementor-nav-menu--indicator-angle elementor-nav-menu--dropdown-tablet elementor-nav-menu__text-align-aside elementor-nav-menu--toggle elementor-nav-menu--burger elementor-widget elementor-widget-global elementor-global-879 elementor-widget-nav-menu\" data-id=\"4d2e7cc2\" data-element_type=\"widget\" data-settings=\"{&quot;sticky&quot;:&quot;top&quot;,&quot;layout&quot;:&quot;horizontal&quot;,&quot;toggle&quot;:&quot;burger&quot;,&quot;sticky_on&quot;:[&quot;desktop&quot;,&quot;tablet&quot;,&quot;mobile&quot;],&quot;sticky_offset&quot;:0,&quot;sticky_effects_offset&quot;:0}\" data-widget_type=\"nav-menu.default\">\n\t\t\t\t<div class=\"elementor-widget-container\">\n\t\t\t\t\t\t<nav role=\"navigation\" class=\"elementor-nav-menu--main elementor-nav-menu__container elementor-nav-menu--layout-horizontal e--pointer-underline e--animation-fade\"><ul id=\"menu-1-4d2e7cc2\" class=\"elementor-nav-menu\"><li class=\"menu-item menu-item-type-post_type menu-item-object-page menu-item-home menu-item-476\"><a href=\"https:\/\/valinor.eu\/\" class=\"elementor-item\">Home<\/a><\/li>\n<li class=\"menu-item menu-item-type-post_type menu-item-object-page menu-item-958\"><a href=\"https:\/\/valinor.eu\/?page_id=951\" class=\"elementor-item\">O n\u00e1s<\/a><\/li>\n<li class=\"menu-item menu-item-type-post_type menu-item-object-page menu-item-has-children menu-item-691\"><a href=\"https:\/\/valinor.eu\/?page_id=689\" class=\"elementor-item\">Sortiment vyrobk\u016f<\/a>\n<ul class=\"sub-menu elementor-nav-menu--dropdown\">\n\t<li class=\"menu-item menu-item-type-post_type menu-item-object-page menu-item-477\"><a href=\"https:\/\/valinor.eu\/?page_id=456\" class=\"elementor-sub-item\">Dezinfek\u010dn\u00ed p\u0159\u00edpravky pro profesion\u00e1ln\u00ed pou\u017eit\u00ed\u200b<\/a><\/li>\n\t<li class=\"menu-item menu-item-type-post_type menu-item-object-page menu-item-608\"><a href=\"https:\/\/valinor.eu\/?page_id=602\" class=\"elementor-sub-item\">Sortiment opera\u010dn\u00edho kryt\u00ed\u200b<\/a><\/li>\n\t<li class=\"menu-item menu-item-type-post_type menu-item-object-page menu-item-664\"><a href=\"https:\/\/valinor.eu\/?page_id=650\" class=\"elementor-sub-item\">P\u0159\u00edpravky pro profesion\u00e1ln\u00ed \u00faklid a hygienu<\/a><\/li>\n\t<li class=\"menu-item menu-item-type-post_type menu-item-object-page menu-item-667\"><a href=\"https:\/\/valinor.eu\/?page_id=665\" class=\"elementor-sub-item\">P\u0159\u00edpravky pro stravovac\u00ed a pr\u00e1delensk\u00e9 provozy<\/a><\/li>\n\t<li class=\"menu-item menu-item-type-post_type menu-item-object-page menu-item-716\"><a href=\"https:\/\/valinor.eu\/?page_id=714\" class=\"elementor-sub-item\">Aplik\u00e1tory a d\u00e1vkova\u010de p\u0159\u00edpravk\u016f<\/a><\/li>\n\t<li class=\"menu-item menu-item-type-post_type menu-item-object-page menu-item-679\"><a href=\"https:\/\/valinor.eu\/?page_id=676\" class=\"elementor-sub-item\">Manipula\u010dn\u00ed pom\u016fcky a \u00faklidov\u00e9 stroje<\/a><\/li>\n<\/ul>\n<\/li>\n<li class=\"menu-item menu-item-type-post_type menu-item-object-page menu-item-747\"><a href=\"https:\/\/valinor.eu\/?page_id=745\" class=\"elementor-item\">Sortiment slu\u017eeb<\/a><\/li>\n<li class=\"menu-item menu-item-type-post_type menu-item-object-page menu-item-768\"><a href=\"https:\/\/valinor.eu\/?page_id=766\" class=\"elementor-item\">Katalogy<\/a><\/li>\n<li class=\"menu-item menu-item-type-custom menu-item-object-custom menu-item-843\"><a href=\"http:\/\/valinor.eu\/domains\/valinor.eu\/#kontakt\" class=\"elementor-item elementor-item-anchor\">Kontakt<\/a><\/li>\n<\/ul><\/nav>\n\t\t\t\t\t<div class=\"elementor-menu-toggle\" role=\"button\" tabindex=\"0\" aria-label=\"Menu Toggle\" aria-expanded=\"false\">\n\t\t\t<i class=\"eicon-menu-bar\" aria-hidden=\"true\"><\/i>\n\t\t\t<span class=\"elementor-screen-only\">Menu<\/span>\n\t\t<\/div>\n\t\t\t<nav class=\"elementor-nav-menu--dropdown elementor-nav-menu__container\" role=\"navigation\" aria-hidden=\"true\"><ul id=\"menu-2-4d2e7cc2\" class=\"elementor-nav-menu\"><li class=\"menu-item menu-item-type-post_type menu-item-object-page menu-item-home menu-item-476\"><a href=\"https:\/\/valinor.eu\/\" class=\"elementor-item\">Home<\/a><\/li>\n<li class=\"menu-item menu-item-type-post_type menu-item-object-page menu-item-958\"><a href=\"https:\/\/valinor.eu\/?page_id=951\" class=\"elementor-item\">O n\u00e1s<\/a><\/li>\n<li class=\"menu-item menu-item-type-post_type menu-item-object-page menu-item-has-children menu-item-691\"><a href=\"https:\/\/valinor.eu\/?page_id=689\" class=\"elementor-item\">Sortiment vyrobk\u016f<\/a>\n<ul class=\"sub-menu elementor-nav-menu--dropdown\">\n\t<li class=\"menu-item menu-item-type-post_type menu-item-object-page menu-item-477\"><a href=\"https:\/\/valinor.eu\/?page_id=456\" class=\"elementor-sub-item\">Dezinfek\u010dn\u00ed p\u0159\u00edpravky pro profesion\u00e1ln\u00ed pou\u017eit\u00ed\u200b<\/a><\/li>\n\t<li class=\"menu-item menu-item-type-post_type menu-item-object-page menu-item-608\"><a href=\"https:\/\/valinor.eu\/?page_id=602\" class=\"elementor-sub-item\">Sortiment opera\u010dn\u00edho kryt\u00ed\u200b<\/a><\/li>\n\t<li class=\"menu-item menu-item-type-post_type menu-item-object-page menu-item-664\"><a href=\"https:\/\/valinor.eu\/?page_id=650\" class=\"elementor-sub-item\">P\u0159\u00edpravky pro profesion\u00e1ln\u00ed \u00faklid a hygienu<\/a><\/li>\n\t<li class=\"menu-item menu-item-type-post_type menu-item-object-page menu-item-667\"><a href=\"https:\/\/valinor.eu\/?page_id=665\" class=\"elementor-sub-item\">P\u0159\u00edpravky pro stravovac\u00ed a pr\u00e1delensk\u00e9 provozy<\/a><\/li>\n\t<li class=\"menu-item menu-item-type-post_type menu-item-object-page menu-item-716\"><a href=\"https:\/\/valinor.eu\/?page_id=714\" class=\"elementor-sub-item\">Aplik\u00e1tory a d\u00e1vkova\u010de p\u0159\u00edpravk\u016f<\/a><\/li>\n\t<li class=\"menu-item menu-item-type-post_type menu-item-object-page menu-item-679\"><a href=\"https:\/\/valinor.eu\/?page_id=676\" class=\"elementor-sub-item\">Manipula\u010dn\u00ed pom\u016fcky a \u00faklidov\u00e9 stroje<\/a><\/li>\n<\/ul>\n<\/li>\n<li class=\"menu-item menu-item-type-post_type menu-item-object-page menu-item-747\"><a href=\"https:\/\/valinor.eu\/?page_id=745\" class=\"elementor-item\">Sortiment slu\u017eeb<\/a><\/li>\n<li class=\"menu-item menu-item-type-post_type menu-item-object-page menu-item-768\"><a href=\"https:\/\/valinor.eu\/?page_id=766\" class=\"elementor-item\">Katalogy<\/a><\/li>\n<li class=\"menu-item menu-item-type-custom menu-item-object-custom menu-item-843\"><a href=\"http:\/\/valinor.eu\/domains\/valinor.eu\/#kontakt\" class=\"elementor-item elementor-item-anchor\">Kontakt<\/a><\/li>\n<\/ul><\/nav>\n\t\t\t\t<\/div>\n\t\t\t\t<\/div>\n\t\t\t\t\t\t<\/div>\n\t\t\t\t\t<\/div>\n\t\t<\/div>\n\t\t\t\t\t\t\t\t<\/div>\n\t\t\t\t\t<\/div>\n\t\t<\/section>\n\t\t\t\t<section class=\"elementor-section elementor-top-section elementor-element elementor-element-3a22caab elementor-section-height-min-height elementor-section-boxed elementor-section-height-default elementor-section-items-middle\" data-id=\"3a22caab\" data-element_type=\"section\" data-settings=\"{&quot;background_background&quot;:&quot;classic&quot;}\">\n\t\t\t\t\t\t\t<div class=\"elementor-background-overlay\"><\/div>\n\t\t\t\t\t\t\t<div class=\"elementor-container elementor-column-gap-default\">\n\t\t\t\t\t\t\t<div class=\"elementor-row\">\n\t\t\t\t\t<div class=\"elementor-column elementor-col-100 elementor-top-column elementor-element elementor-element-1e01809d\" data-id=\"1e01809d\" data-element_type=\"column\">\n\t\t\t<div class=\"elementor-column-wrap elementor-element-populated\">\n\t\t\t\t\t\t\t<div class=\"elementor-widget-wrap\">\n\t\t\t\t\t\t<div class=\"elementor-element elementor-element-75bbba5c elementor-widget elementor-widget-heading\" data-id=\"75bbba5c\" data-element_type=\"widget\" data-widget_type=\"heading.default\">\n\t\t\t\t<div class=\"elementor-widget-container\">\n\t\t\t<h2 class=\"elementor-heading-title elementor-size-default\">Aplika\u010dn\u00ed a informa\u010dn\u00ed syst\u00e9my<\/h2>\t\t<\/div>\n\t\t\t\t<\/div>\n\t\t\t\t\t\t<\/div>\n\t\t\t\t\t<\/div>\n\t\t<\/div>\n\t\t\t\t\t\t\t\t<\/div>\n\t\t\t\t\t<\/div>\n\t\t<\/section>\n\t\t\t\t<section class=\"elementor-section elementor-top-section elementor-element elementor-element-57827641 elementor-section-boxed elementor-section-height-default elementor-section-height-default\" data-id=\"57827641\" data-element_type=\"section\">\n\t\t\t\t\t\t<div class=\"elementor-container elementor-column-gap-default\">\n\t\t\t\t\t\t\t<div class=\"elementor-row\">\n\t\t\t\t\t<div class=\"elementor-column elementor-col-100 elementor-top-column elementor-element elementor-element-1542594d\" data-id=\"1542594d\" data-element_type=\"column\">\n\t\t\t<div class=\"elementor-column-wrap elementor-element-populated\">\n\t\t\t\t\t\t\t<div class=\"elementor-widget-wrap\">\n\t\t\t\t\t\t<div class=\"elementor-element elementor-element-641268e0 elementor-widget elementor-widget-text-editor\" data-id=\"641268e0\" data-element_type=\"widget\" data-widget_type=\"text-editor.default\">\n\t\t\t\t<div class=\"elementor-widget-container\">\n\t\t\t\t\t<div class=\"elementor-text-editor elementor-clearfix\"><h4>Aplika\u010dn\u00ed syst\u00e9m Valinor<\/h4><p>je z\u00e1kladn\u00edm a prvn\u00edm dokonale osv\u011bd\u010den\u00fdm v\u00fdstupem syst\u00e9mu Valinor poskytuj\u00edc\u00edm komplexn\u00ed \u0159e\u0161en\u00ed problematiky v oblasti dezinfek\u010dn\u00ed chemie a jej\u00ed aplikace ve\u00a0 zdravotnick\u00fdch za\u0159\u00edzen\u00edch. (Od r.1993.) Vytv\u00e1\u0159\u00edme dezinfek\u010dn\u00ed pl\u00e1ny pro po\u017eadovan\u00e9 aplikace, prov\u00e1d\u00edme konzulta\u010dn\u00ed a informa\u010dn\u00ed \u010dinnost na z\u00e1klad\u011b pot\u0159eb pracovi\u0161t\u011b a\u00a0 pracovn\u00edk\u016f.<\/p><p>\u00a0<\/p><h4>Informa\u010dn\u00ed syst\u00e9m Valinor<\/h4><p>plynule navazuje na aplika\u010dn\u00ed syst\u00e9m a roz\u0161i\u0159uje slu\u017eby o veden\u00ed a spr\u00e1vu informa\u010dn\u00edch datab\u00e1z\u00ed v popt\u00e1vkou vymezen\u00fdch z\u00e1jmov\u00fdch oblastech zahrnut\u00fdch do syst\u00e9m\u016f Valinor. (Od r. 1995.)<\/p><p>\u00a0<\/p><h4>\u0160kolen\u00ed a kurzy syst\u00e9m\u016f Valinor<\/h4><p>tematicky zahrnuj\u00ed problematiku souvisej\u00edc\u00ed s aplika\u010dn\u00edmi postupy, bezpe\u010dnost\u00ed pr\u00e1ce, vzd\u011bl\u00e1v\u00e1n\u00edm podle pot\u0159eb odb\u011bratel\u016f a dal\u0161\u00ed. (Od r. 2001.) Prov\u00e1d\u00edme \u00a0 \u0161kolen\u00ed bezpe\u010dnosti pr\u00e1ce p\u0159i manipulaci s v\u00fdrobky obsahuj\u00edc\u00edmi nebezpe\u010dn\u00e9 l\u00e1tky (tj. dezinfek\u010dn\u00ed a souvisej\u00edc\u00ed p\u0159\u00edpravky). prov\u00e1d\u00edme tzv. \u201ckreditn\u00ed\u201d \u0161kolen\u00ed, kurzy, \u00a0 semin\u00e1\u0159e pro zdravotnick\u00e9 pracovn\u00edky v r\u00e1mci podpory celo\u017eivotn\u00edho vzd\u011bl\u00e1v\u00e1n\u00ed a \u0159adu jin\u00fdch souvisej\u00edc\u00edch odborn\u00fdch \u0161kolen\u00ed.<\/p><p>\u00a0<\/p><h4>Dod\u00e1vky za\u0159\u00edzen\u00ed pracovi\u0161\u0165 Valinor<\/h4><p>firma Valinor dod\u00e1v\u00e1 d\u00e1vkova\u010de dezinfek\u010dn\u00edch a myc\u00edch p\u0159\u00edpravk\u016f a \u00faklidov\u00e9 stroje pro aplikace dezinfek\u010dn\u00ed a \u010dist\u00edc\u00ed chemie.<\/p><p>\u00a0<\/p><h4>Servisn\u00ed slu\u017eby Valinor<\/h4><p>v n\u00e1vaznosti na provozn\u00ed \u0159\u00e1dy a aplikace dezinfek\u010dn\u00ed a \u010dist\u00edc\u00ed chemie prov\u00e1d\u00edme instalace a servis d\u00e1vkovac\u00edch za\u0159\u00edzen\u00ed dezinfek\u010dn\u00edch a jin\u00fdch p\u0159\u00edpravk\u016f, d\u00e1le kompletn\u00ed hygienick\u00e9 vybaven\u00ed pracovi\u0161\u0165 aplik\u00e1tory, d\u00e1vkova\u010di a z\u00e1sobn\u00edky spot\u0159ebn\u00edho materi\u00e1lu.<\/p><p>\u00a0<\/p><h4>Sportovn\u00ed a rekondi\u010dn\u00ed programy Valinor<\/h4><p>v souvislosti s komplexn\u00ed nab\u00eddkou slu\u017eeb je zpracov\u00e1v\u00e1na \u010d\u00e1st pro aktivn\u00ed odpo\u010dinek osob pracuj\u00edc\u00edch s jednotliv\u00fdmi \u010d\u00e1stmi syst\u00e9m\u016f Valinor nebo pro ostatn\u00ed\u00a0 z\u00e1jemce. Prov\u00e1d\u00edme \u0161kol\u00edc\u00ed a v\u00fdukovou \u010dinnost v souvislosti s rekondi\u010dn\u00edm pobytem v \u0159ad\u011b l\u00e1ze\u0148sk\u00fdch a rekrea\u010dn\u00edch lokalit.<\/p><\/div>\n\t\t\t\t<\/div>\n\t\t\t\t<\/div>\n\t\t\t\t\t\t<\/div>\n\t\t\t\t\t<\/div>\n\t\t<\/div>\n\t\t\t\t\t\t\t\t<\/div>\n\t\t\t\t\t<\/div>\n\t\t<\/section>\n\t\t\t\t<section class=\"elementor-section elementor-top-section elementor-element elementor-element-1ced6d05 elementor-section-height-min-height elementor-section-boxed elementor-section-height-default elementor-section-items-middle\" data-id=\"1ced6d05\" data-element_type=\"section\" data-settings=\"{&quot;background_background&quot;:&quot;slideshow&quot;,&quot;background_slideshow_gallery&quot;:[{&quot;id&quot;:296,&quot;url&quot;:&quot;http:\\\/\\\/valinor.eu\\\/domains\\\/valinor.eu\\\/wp-content\\\/uploads\\\/2021\\\/01\\\/paticka.jpg&quot;}],&quot;background_slideshow_loop&quot;:&quot;yes&quot;,&quot;background_slideshow_slide_duration&quot;:5000,&quot;background_slideshow_slide_transition&quot;:&quot;fade&quot;,&quot;background_slideshow_transition_duration&quot;:500}\">\n\t\t\t\t\t\t\t<div class=\"elementor-background-overlay\"><\/div>\n\t\t\t\t\t\t\t<div class=\"elementor-container elementor-column-gap-default\">\n\t\t\t\t\t\t\t<div class=\"elementor-row\">\n\t\t\t\t\t<div class=\"elementor-column elementor-col-100 elementor-top-column elementor-element elementor-element-6eee7105\" data-id=\"6eee7105\" data-element_type=\"column\">\n\t\t\t<div class=\"elementor-column-wrap elementor-element-populated\">\n\t\t\t\t\t\t\t<div class=\"elementor-widget-wrap\">\n\t\t\t\t\t\t<div class=\"elementor-element elementor-element-38221645 elementor-widget elementor-widget-heading\" data-id=\"38221645\" data-element_type=\"widget\" data-widget_type=\"heading.default\">\n\t\t\t\t<div class=\"elementor-widget-container\">\n\t\t\t<h2 class=\"elementor-heading-title elementor-size-default\">MENU<\/h2>\t\t<\/div>\n\t\t\t\t<\/div>\n\t\t\t\t<div class=\"elementor-element elementor-element-6d7577a7 elementor-nav-menu--indicator-classic elementor-nav-menu__text-align-aside elementor-widget elementor-widget-nav-menu\" data-id=\"6d7577a7\" data-element_type=\"widget\" data-settings=\"{&quot;layout&quot;:&quot;dropdown&quot;}\" data-widget_type=\"nav-menu.default\">\n\t\t\t\t<div class=\"elementor-widget-container\">\n\t\t\t\t\t<div class=\"elementor-menu-toggle\" role=\"button\" tabindex=\"0\" aria-label=\"Menu Toggle\" aria-expanded=\"false\">\n\t\t\t<i class=\"eicon-menu-bar\" aria-hidden=\"true\"><\/i>\n\t\t\t<span class=\"elementor-screen-only\">Menu<\/span>\n\t\t<\/div>\n\t\t\t<nav class=\"elementor-nav-menu--dropdown elementor-nav-menu__container\" role=\"navigation\" aria-hidden=\"true\"><ul id=\"menu-2-6d7577a7\" class=\"elementor-nav-menu\"><li class=\"menu-item menu-item-type-post_type menu-item-object-page menu-item-home menu-item-476\"><a href=\"https:\/\/valinor.eu\/\" class=\"elementor-item\">Home<\/a><\/li>\n<li class=\"menu-item menu-item-type-post_type menu-item-object-page menu-item-958\"><a href=\"https:\/\/valinor.eu\/?page_id=951\" class=\"elementor-item\">O n\u00e1s<\/a><\/li>\n<li class=\"menu-item menu-item-type-post_type menu-item-object-page menu-item-has-children menu-item-691\"><a href=\"https:\/\/valinor.eu\/?page_id=689\" class=\"elementor-item\">Sortiment vyrobk\u016f<\/a>\n<ul class=\"sub-menu elementor-nav-menu--dropdown\">\n\t<li class=\"menu-item menu-item-type-post_type menu-item-object-page menu-item-477\"><a href=\"https:\/\/valinor.eu\/?page_id=456\" class=\"elementor-sub-item\">Dezinfek\u010dn\u00ed p\u0159\u00edpravky pro profesion\u00e1ln\u00ed pou\u017eit\u00ed\u200b<\/a><\/li>\n\t<li class=\"menu-item menu-item-type-post_type menu-item-object-page menu-item-608\"><a href=\"https:\/\/valinor.eu\/?page_id=602\" class=\"elementor-sub-item\">Sortiment opera\u010dn\u00edho kryt\u00ed\u200b<\/a><\/li>\n\t<li class=\"menu-item menu-item-type-post_type menu-item-object-page menu-item-664\"><a href=\"https:\/\/valinor.eu\/?page_id=650\" class=\"elementor-sub-item\">P\u0159\u00edpravky pro profesion\u00e1ln\u00ed \u00faklid a hygienu<\/a><\/li>\n\t<li class=\"menu-item menu-item-type-post_type menu-item-object-page menu-item-667\"><a href=\"https:\/\/valinor.eu\/?page_id=665\" class=\"elementor-sub-item\">P\u0159\u00edpravky pro stravovac\u00ed a pr\u00e1delensk\u00e9 provozy<\/a><\/li>\n\t<li class=\"menu-item menu-item-type-post_type menu-item-object-page menu-item-716\"><a href=\"https:\/\/valinor.eu\/?page_id=714\" class=\"elementor-sub-item\">Aplik\u00e1tory a d\u00e1vkova\u010de p\u0159\u00edpravk\u016f<\/a><\/li>\n\t<li class=\"menu-item menu-item-type-post_type menu-item-object-page menu-item-679\"><a href=\"https:\/\/valinor.eu\/?page_id=676\" class=\"elementor-sub-item\">Manipula\u010dn\u00ed pom\u016fcky a \u00faklidov\u00e9 stroje<\/a><\/li>\n<\/ul>\n<\/li>\n<li class=\"menu-item menu-item-type-post_type menu-item-object-page menu-item-747\"><a href=\"https:\/\/valinor.eu\/?page_id=745\" class=\"elementor-item\">Sortiment slu\u017eeb<\/a><\/li>\n<li class=\"menu-item menu-item-type-post_type menu-item-object-page menu-item-768\"><a href=\"https:\/\/valinor.eu\/?page_id=766\" class=\"elementor-item\">Katalogy<\/a><\/li>\n<li class=\"menu-item menu-item-type-custom menu-item-object-custom menu-item-843\"><a href=\"http:\/\/valinor.eu\/domains\/valinor.eu\/#kontakt\" class=\"elementor-item elementor-item-anchor\">Kontakt<\/a><\/li>\n<\/ul><\/nav>\n\t\t\t\t<\/div>\n\t\t\t\t<\/div>\n\t\t\t\t<div class=\"elementor-element elementor-element-3d705863 elementor-widget elementor-widget-heading\" data-id=\"3d705863\" data-element_type=\"widget\" data-widget_type=\"heading.default\">\n\t\t\t\t<div class=\"elementor-widget-container\">\n\t\t\t<h2 class=\"elementor-heading-title elementor-size-default\">Copyright \u00a9 2021 Valinor, v.o.s. \/ Elfo, s.r.o.<\/h2>\t\t<\/div>\n\t\t\t\t<\/div>\n\t\t\t\t\t\t<\/div>\n\t\t\t\t\t<\/div>\n\t\t<\/div>\n\t\t\t\t\t\t\t\t<\/div>\n\t\t\t\t\t<\/div>\n\t\t<\/section>\n\t\t\t\t\t\t<\/div>\n\t\t\t\t\t\t<\/div>\n\t\t\t\t\t<\/div>\n\t\t","protected":false},"excerpt":{"rendered":"<p>Aplika\u010dn\u00ed a informa\u010dn\u00ed syst\u00e9my Aplika\u010dn\u00ed syst\u00e9m Valinor je z\u00e1kladn\u00edm a prvn\u00edm dokonale osv\u011bd\u010den\u00fdm v\u00fdstupem syst\u00e9mu Valinor poskytuj\u00edc\u00edm komplexn\u00ed \u0159e\u0161en\u00ed problematiky v oblasti dezinfek\u010dn\u00ed chemie a jej\u00ed aplikace ve\u00a0 zdravotnick\u00fdch za\u0159\u00edzen\u00edch. (Od r.1993.) Vytv\u00e1\u0159\u00edme dezinfek\u010dn\u00ed pl\u00e1ny pro po\u017eadovan\u00e9 aplikace, prov\u00e1d\u00edme konzulta\u010dn\u00ed a informa\u010dn\u00ed \u010dinnost na z\u00e1klad\u011b pot\u0159eb pracovi\u0161t\u011b a\u00a0 pracovn\u00edk\u016f. \u00a0 Informa\u010dn\u00ed syst\u00e9m Valinor plynule navazuje [&hellip;]<\/p>\n","protected":false},"author":1,"featured_media":0,"parent":0,"menu_order":0,"comment_status":"closed","ping_status":"closed","template":"","meta":{"footnotes":""},"class_list":["post-790","page","type-page","status-publish","hentry"],"_links":{"self":[{"href":"https:\/\/valinor.eu\/index.php?rest_route=\/wp\/v2\/pages\/790","targetHints":{"allow":["GET"]}}],"collection":[{"href":"https:\/\/valinor.eu\/index.php?rest_route=\/wp\/v2\/pages"}],"about":[{"href":"https:\/\/valinor.eu\/index.php?rest_route=\/wp\/v2\/types\/page"}],"author":[{"embeddable":true,"href":"https:\/\/valinor.eu\/index.php?rest_route=\/wp\/v2\/users\/1"}],"replies":[{"embeddable":true,"href":"https:\/\/valinor.eu\/index.php?rest_route=%2Fwp%2Fv2%2Fcomments&post=790"}],"version-history":[{"count":23,"href":"https:\/\/valinor.eu\/index.php?rest_route=\/wp\/v2\/pages\/790\/revisions"}],"predecessor-version":[{"id":1253,"href":"https:\/\/valinor.eu\/index.php?rest_route=\/wp\/v2\/pages\/790\/revisions\/1253"}],"wp:attachment":[{"href":"https:\/\/valinor.eu\/index.php?rest_route=%2Fwp%2Fv2%2Fmedia&parent=790"}],"curies":[{"name":"wp","href":"https:\/\/api.w.org\/{rel}","templated":true}]}}